 Give s(-1).
-12
Let f(i) = -i**3 - 2*i**2 + 26*i - 36. What is f(6)?
-168
Let k(d) = -d**3 - 6*d**2 + 3*d + 396. What is k(0)?
396
Let r(w) = 138*w + 144. Determine r(-1).
6
Let u(q) = q**2 - 111*q - 561. Give u(-5).
19
Let l(b) = b**3 + 2*b**2 + 5*b - 12. Calculate l(-4).
-64
Let t(a) = a**3 - 30*a**2 - 61*a - 76. Calculate t(32).
20
Let u(t) = -8*t + 166. Calculate u(6).
118
Let k(v) = 3377*v + 3385. Calculate k(-1).
8
Let o(w) = w**3 - 11*w**2 - 58*w - 14. Give o(15).
16
Let b(i) = -17*i - 44. Calculate b(-7).
75
Let v(p) = -634*p + 1274. Calculate v(2).
6
Let b(i) = 2*i**3 - 2*i**2 - 691*i + 2757. Calculate b(4).
89
Let i(j) = 164*j + 4781. What is i(-30)?
-139
Let o(r) = 484*r + 132122. Determine o(-273).
-10
Let s(y) = -16*y**3 + 40*y - 39. What is s(1)?
-15
Let w(h) = 2*h**3 - 146*h**2 + 147*h - 223. Determine w(72).
-7
Let m(b) = 41*b - 561. Give m(14).
13
Let b(h) = -h**3 + 65*h**2 + 742*h + 596. What is b(75)?
-4
Let l(f) = -f**3 + 4*f**2 - 89*f + 362. Give l(4).
6
Let m(i) = -i**3 - 9*i**2 + 98*i - 56. What is m(6)?
-8
Let k(y) = -y**3 - 52*y**2 - 33*y + 931. Determine k(-51).
13
Let v(k) = 6765*k + 54096. What is v(-8)?
-24
Let v(r) = -5*r**3 - 49*r**2 + 24*r + 17. Give v(-10).
-123
Let i(l) = 3*l**2 - 29*l + 5. Calculate i(7).
-51
Let k(b) = -2031*b - 8125. Give k(-4).
-1
Let b(i) = -18*i - 758. Give b(-69).
484
Let b(u) = 16*u - 320. What is b(11)?
-144
Let y(c) = 18*c + 409. Give y(-26).
-59
Let k(s) = 4*s**2 + 342*s + 2970. Calculate k(-9).
216
Let v(i) = -7*i + 153. What is v(20)?
13
Let v(a) = -a**3 - 22*a**2 + 17*a - 39. What is v(-23)?
99
Let i(b) = 10*b**2 + 305*b + 151. Calculate i(-30).
1
Let j(v) = v**2 - 11*v + 7. Calculate j(6).
-23
Let i(w) = 255*w + 6132. What is i(-24)?
12
Let w(l) = -2*l**2 - 2*l + 15. Calculate w(6).
-69
Let x(t) = 4*t**2 + 33*t - 17418. Calculate x(62).
4
Let j(r) = -80*r - 1096. Calculate j(-10).
-296
Let v(h) = 13*h - 499. Calculate v(17).
-278
Let i(c) = -18*c**2 + 120*c - 11. Calculate i(-5).
-1061
Let c(z) = 2*z**2 + 26*z + 8. Determine c(0).
8
Let p(d) = -2*d**2 + 52*d + 184. What is p(30)?
-56
Let b(f) = -f**3 - 25*f**2 - 114*f. Calculate b(-19).
0
Let j(y) = y**2 + 216*y + 8032. What is j(-48)?
-32
Let q(c) = c**3 + 5*c**2 - 5*c - 4. Give q(-6).
-10
Let l(f) = 2*f**2 + 41*f - 2350. Calculate l(-46).
-4
Let s(i) = 51*i - 726. What is s(9)?
-267
Let b(a) = -111*a**3 - 5*a + 11. Determine b(2).
-887
Let z(i) = 397*i - 7187. What is z(18)?
-41
Let m(u) = 206*u - 1256. Determine m(8).
392
Let x(c) = c**3 - 6*c**2 - 6*c + 25. What is x(4)?
-31
Let j(x) = x**3 + 57*x**2 + 114*x + 176. Calculate j(-55).
-44
Let o(k) = -k**3 + 10*k**2 - 53*k + 275. Give o(6).
101
Let m(z) = z**3 + 39*z**2 + 40*z + 37. Calculate m(-38).
-39
Let d(g) = 99*g + 26. Determine d(2).
224
Let c(p) = -5*p**3 + 6*p**2 - p + 16. What is c(3)?
-68
Let g(u) = u**3 + 5*u**2 + 659*u + 3299. Give g(-5).
4
Let d(u) = u**3 + u**2 - u + 1. Determine d(0).
1
Let l(i) = 103*i**3 - 4*i**2 + 10*i - 3. Calculate l(2).
825
Let w(v) = 2*v - 38. What is w(17)?
-4
Let f(i) = 2*i**3 + 107*i**2 - 911*i + 302. Calculate f(-61).
58
Let n(s) = -770*s + 64686. Calculate n(84).
6
Let v(u) = -22*u - 145. Calculate v(-7).
9
Let f(n) = 745*n + 3723. Give f(-5).
-2
Let y(o) = o**3 + 292*o + 1227. Give y(-4).
-5
Let b(f) = 8*f**3 - 3*f - 2. Determine b(-1).
-7
Let s(x) = -14*x + 3767. Give s(269).
1
Let c(o) = o**3 - 21*o**2 - 13*o - 204. Calculate c(22).
-6
Let n(c) = 4*c**2 + 25*c - 4. Determine n(4).
160
Let u(n) = 2*n**2 + 66*n + 522. Give u(-19).
-10
Let f(j) = -244*j - 2706. Determine f(-11).
-22
Let j(n) = n**3 - 13*n**2 + 47*n - 52. Give j(3).
-1
Let w(t) = 2*t**3 + 2*t**2 + 13*t - 26. Determine w(2).
24
Let y(u) = 2*u**3 - 84*u**2 - 196*u + 4709. What is y(43)?
-21
Let k(t) = 20*t + 53. What is k(-3)?
-7
Let k(j) = j**3 - 10*j**2 - 81*j - 113. Calculate k(-4).
-13
Let o(q) = 9*q**2 - 45*q + 11. Calculate o(4).
-25
Let a(u) = -6*u**2 + 190*u + 47. What is a(32)?
-17
Let k(j) = j**3 + 74*j**2 - 158*j - 566. Give k(-76).
-110
Let a(w) = 3829*w - 11443. What is a(3)?
44
Let m(a) = 3*a**3 - 41*a**2 - 108*a - 62. What is m(16)?
2
Let i(f) = -154*f - 1923. Calculate i(-12).
-75
Let f(w) = 9*w + 42. Determine f(-6).
-12
Let o(k) = -k**2 + 17*k + 6. Give o(15).
36
Let v(w) = 5*w**2 - 50*w - 1323. What is v(22)?
-3
Let w(g) = g**3 - 6*g**2 - 25*g + 64. Determine w(2).
-2
Let y(c) = -18*c + 11. Determine y(-5).
101
Let w(t) = -t**3 + 5*t**2 - 553*t + 2193. What is w(4)?
-3
Let k(v) = 418*v - 849. Give k(2).
-13
Let r(l) = l**3 - 66*l**2 + 304*l + 64. What is r(61)?
3
Let x(r) = 2*r**2 - 70*r - 85. Give x(37).
63
Let l(w) = -w**3 + 62*w + 171. Determine l(-3).
12
Let r(m) = 8*m**2 + 165*m - 14. Give r(-21).
49
Let c(d) = 3*d**2 + 70*d + 398. Calculate c(-9).
11
Let x(k) = -106*k - 290. What is x(1)?
-396
Let l(s) = 7100*s - 42601. What is l(6)?
-1
Let v(p) = 38*p - 176. Calculate v(4).
-24
Let a(v) = 4*v**3 - 83*v**2 - 26*v + 86. Calculate a(21).
-19
Let b(y) = -163*y + 7880. What is b(50)?
-270
Let c(f) = -8*f - 198. What is c(-12)?
-102
Let t(m) = -93*m - 84. Calculate t(-1).
9
Let h(i) = -i**2 - 170*i - 7056. Calculate h(-98).
0
Let h(w) = -w**3 - 42*w**2 - 233*w - 42. Give h(-36).
570
Let v(q) = 29*q + 719. Calculate v(9).
980
Let g(u) = u**3 + 8*u**2 + 31*u - 250. Calculate g(0).
-250
Let w(l) = -326*l**2 - 10*l - 3. Determine w(1).
-339
Let t(a) = 42*a + 1144. Give t(-27).
10
Let f(i) = -18*i**3 - 289*i**2 - 18*i + 9. Calculate f(-16).
41
Let x(v) = -v**3 - 101*v**2 - 121*v - 2105. Determine x(-100).
-5
Let g(l) = l**2 - 24*l - 400. Determine g(36).
32
Let g(o) = -o**3 + 9*o**2 + 8*o - 107. Determine g(8).
21
Let i(t) = t**3 - 4*t**2 - 8*t - 5. What is i(5)?
-20
Let y(g) = g**3 - 22*g**2 + 33*g - 95. Give y(0).
-95
Let i(u) = -u - 1. Give i(-26).
25
Let f(m) = m**3 + 57*m**2 - 185*m - 468. What is f(-60)?
-168
Let t(a) = -a**2 + 30*a + 17. Give t(31).
-14
Let h(b) = -23*b**2 - 159*b + 481. Calculate h(3).
-203
Let z(t) = 66*t + 6555. Calculate z(-99).
21
Let i(n) = -228*n - 15064. Determine i(-66).
-16
Let o(d) = d**3 + 8*d**2 + 8*d + 24. What is o(-7)?
17
Let o(u) = -u**3 + 12*u**2 + 30*u - 366. Give o(12).
-6
Let l(a) = a**3 + 5*a**2 + a - 47. What is l(-9)?
-380
Let f(m) = 30*m + 2011. Give f(-67).
1
Let s(j) = -j**3 - 37*j**2 - 15*j - 480. Determine s(-37).
75
Let x(r) = -136*r + 232. What is x(2)?
-40
Let o(u) = -u**3 + 59*u**2 + 65*u - 73. Calculate o(60).
227
Let n(m) = -2*m**2 - 79*m + 187. Determine n(-47).
-518
Let j(b) = 7*b**2 - 39*b - 6. What is j(9)?
210
Let l(t) = -t**3 - t**2 - 5*t - 60. Calculate l(0).
-60
Let p(t) = -74*t + 39. Give p(7).
-479
Let w(p) = 5*p**2 - 327*p + 3785. Calculate w(15).
5
Let m(b) = b**2 + 55*b - 2006. Determine m(-80).
-6
Let x(w) = -w**3 + 37*w**2 - 73*w - 8. Give x(35).
-113
Let q(r) = 16*r**3 - 2*r**2 - 2*r + 9. Determine q(2).
125
Let t(z) = z**2 + 23*z - 72. Calculate t(-23).
-72
Let w(t) = 13*t**2 + 68*t - 216. Give w(3).
105
Let l(w) = -8*w + 60. Determine l(8).
-4
Let g(h) = -h**3 - 9*h**2 - 16*h - 7. Calculate g(-9).
137
Let r(l) = l**2 + 84*l + 342. Determine r(-80).
22
Let c(y) = y**3 - 9*y**2 - 106*y + 46. Calculate c(-7).
4
Let f(m) = 23*m**2 + 47*m + 4. Calculate f(-3).
70
Let n(s) = -s**2 - 172*s - 5290. What is n(-40)?
-10
Let m(x) = -12*x**2 + 72*x + 5. Calculate m(6).
5
Let g(c) = 14*c - 86. Calculate g(7).
12
Let w(r) = -3*r**2 + 288*r + 299. Calculate w(97).
8
Let x(d) = -5*d**2 + d + 107. Give x(-5).
-23
Let c(x) = 3*x**2 - 4*x + 7. Give c(6).
91
Let x(i) = 2*i**3 + 4*i**2 + 18*i + 82. Determine x(-4).
-54
Let l(s) = -21*s - 1632. Determine l(-91).
279
Let f(w) = -w**3 + 33*w**2 + 55*w - 731. What is f(34)?
-17
Let u(f) = 2*f**3 + 3*f**2 - 97*f - 99. Give u(-1).
-1
Let h(t) = t**3 - 33*t**2 - 78*t + 247. Determine h(35).
-33
Let x(u) = -6*u**2 + 115*u + 29. Give x(19).
48
Let x(s) = -2*s**3 - 10*s**2 - 12*s + 5. Determine x(0).
5
Let a(z) = 6*z**2 + 45*z + 91. Give a(-4).
7
Let p(i) = -i**3 + 16*i**2 - 56*i - 11. Determine p(8).
53
Let w(h) = 18*h**2 - 77*h - 2. Give w(7).
341
Let b(z) = 2*z**3 - 47*z**2 - 13*z - 7. What is b(24)?
257
Let i(h) = -h**2 + 52*h + 840. What is i(64)?
72
Let c(r) = -626*r - 792. What is c(-2)?
460
Let x(w) = -w**2 + 13*w - 4. Calculate x(13).
-4
Let p(